hat is -2 + (-5 - 0) + (-3 - -6)?
-4
(17 - (11 - 1)) + -11
-4
What is 7 + (-2 - -1 - 5)?
1
(0 - -3) + 7 + 1 + -14
-3
3 + (-4 - (-4 + 7)) + 8
4
What is the value of 4 + (2 - 4) + 1?
3
What is the value of (-1 - 3) + (3 - -5) + -3?
1
What is the value of -4 + 14 + -5 + -2?
3
Calculate 4 + (21 - 26 - (-9 + 0)).
8
What is 0 + (4 - (5 - -4)) - -3?
-2
What is -1 + (5 - (10 + 5 - 6))?
-5
What is the value of 0 - (2 + 1) - (-4 + 2)?
-1
What is 0 - ((1 + -1 - 1) + 0)?
1
Calculate (-69 - -64) + (5 - 1).
-1
-9 + (-4 - -6 - 2) - -3
-6
Calculate 4 + -4 + (-2 - -7).
5
What is -10 + -11 + (11 - -11)?
1
Evaluate (-1 + 1 - 1 - 2) + -1.
-4
Calculate -1 + 9 + -5 - 1.
2
What is the value of 1 + -3 + 19 + -15?
2
What is 16 + -22 + -1 + 6 + -1?
-2
What is (-6 - -6) + (-6 - -2)?
-4
Calculate 6 + -9 + -7 + 1.
-9
Calculate 3 + (-1 - -2) - 0.
4
What is the value of (-8 - -8) + (-2 - -3)?
1
Calculate -2 + -1 + -4 + 1.
-6
39 + -43 + (0 - -11 - -2)
9
-9 - 0 - (1 + -4) - -4
-2
Evaluate 1 + -2 - (0 + -6).
5
What is 5 + -5 + 4 + -3?
1
What is 16 + -20 - (2 + -1 - 2)?
-3
What is the value of -4 - 0 - (-49 - -48) - -10?
7
4 - (0 + -4 + 3) - 6
-1
What is the value of 2 + -3 + (0 + -2 - -3)?
0
What is 6 - (5 + 9 + -6 - 6)?
4
Calculate (-1 - 5) + 3 + 2 + 0.
-1
What is the value of 74 + -79 - (0 + 1 + -1)?
-5
Calculate 2 + (4 + -1 - 0) - 1.
4
What is the value of 2 - (-4 - -5 - 4)?
5
Evaluate 10 - (6 + 4 - 5).
5
4 + 1 + (5 - 15)
-5
Calculate -1 - (-4 + (5 - 0)).
-2
Evaluate -1 - (5 + -3 - -2).
-5
Evaluate 8 - (-3 + -7 - -19).
-1
What is 1 + (-2 - -6) + -3 + -4?
-2
What is the value of -5 + (-4 - -2 - (-14 + 2))?
5
What is 0 + 4 + (6 - 4 - 1)?
5
Calculate 4 + 0 + (1 - 5).
0
What is -2 + 0 + 6 + -8?
-4
What is -1 + 2 + -1 + 10 + -11?
-1
(-1 - -1) + -2 + (7 - 6)
-1
Evaluate (0 - -7) + 1 + 1 + -4.
5
What is the value of -4 - (-9 - 0 - (60 - 56))?
9
4 + (-1 - 11 - -7)
-1
4 - (8 + -2) - 0
-2
Evaluate 2 - 3 - (-3 + 2) - 3.
-3
What is the value of (-3 - -10) + -8 + 3 + 1?
3
What is the value of 2 + -1 + 2 + -2 - -1?
2
3 + (-2 - -4) - (29 - 24)
0
0 + (-7 - -7) - (-2 + 2)
0
Calculate 9 + -1 + (2 - 1).
9
Evaluate 4 + -3 + 3 + 0.
4
What is (-2 - 1 - 1) + (76 - 65)?
7
Evaluate 1 + 1 - 4 - -1.
-1
What is (4 + -27 - -9) + 7?
-7
What is the value of 5 + -13 + 5 + 4?
1
Calculate (-2 + -2 - 0) + 3.
-1
Calculate (12 - 1) + (-23 - -12).
0
What is the value of -17 + 14 + -9 + 16?
4
What is the value of (4 + -2 - (5 + 0)) + 5?
2
Evaluate 0 + (-8 - (0 - 6)) + -5.
-7
Evaluate 0 - ((5 - (7 - -4)) + 5).
1
What is 1 + (-4 - (-5 - -1))?
1
What is the value of (56 - 61) + 17 + 0 - 6?
6
Evaluate -1 + 8 + -4 + (4 - 2).
5
What is (6 - (-1 + 2)) + -6 + 2?
1
Evaluate (1 - -6) + 0 - (7 + -5).
5
Evaluate -9 + -1 + (7 - 10) + 6.
-7
What is 2 - (4 + -4 + -2)?
4
-5 + (17 - 12 - (1 + -1))
0
What is the value of 1 + -5 + 1 + (-4 - -5)?
-2
What is the value of (0 - 0) + (5 - 11) + 13?
7
Calculate (-6 + 13 - (7 - 4)) + 2.
6
(-2 - (5 + -15)) + -5
3
What is the value of (6 - (0 + 1 - -2)) + -8?
-5
What is 4 + (-3 - -2) + 1 + -9?
-5
Calculate -2 + -5 - (-3 - (-3 - -4)).
-3
5 - (-2 + -1 + 3)
5
What is -2 + ((-4 - -1) + 2 - -1)?
-2
Calculate (-3 - 4) + 10 - 4.
-1
What is 3 + (-2 - (3 - 3))?
1
What is the value of 12 + 5 + -9 + 1?
9
What is the value of -9 + 10 + -7 + 2?
-4
What is 2 - 1 - (-3 + -1)?
5
What is the value of -6 - -8 - (4 + 2)?
-4
Evaluate (-6 - (22 - 8 - 7)) + 3.
-10
(-4 - 0 - -6) + 1
3
-12 + (-3 - (0 + -8)) + 3
-4
Evaluate 2 - (-3 + (2 - -4) - 6).
5
Evaluate 3 - 1 - (5 + -3 - -3).
-3
What is the value of -10 - (-16 - (5 + -11))?
0
What is the value of -2 + -2 + 3 + (-33 - -41)?
7
Evaluate 1 - (2 + -3 - -6).
-4
Calculate 2 - 5 - (0 + -1 + 2).
-4
Calculate (8 - 5) + -9 - 0.
-6
Calculate -2 + -2 + 4 - -5.
5
Calculate 2 + (0 - 0 - (21 - 23)).
4
Evaluate -136 + 142 - (2 - (-1 + 6)).
9
Evaluate 6 - 1 - (10 + -7).
2
Calculate (3 - -1) + (-10 - -14 - 8).
0
What is (7 - 0) + (-3 - -1)?
5
What is (-11 - -13) + 4 + (0 - 10)?
-4
What is the value of -6 + 3 + 5 + -1 + 0?
1
What is the value of 3 + -1 - (-2 + 11 + -3)?
-4
(39 - 42) + 1 + 6
4
Calculate -6 - (-5 + 14 + -14).
-1
What is the value of (6 - (1 + 2 + 0)) + -1?
2
3 + -6 + (2 - 1) + 0
-2
Evaluate 4 - (3 - (1 + 0)).
2
Calculate -2 + 4 - (-3 - (4 + -7)).
2
What is the value of 9 - 12 - (-6 + 2 + -4)?
5
What is -1 - (9 + -9) - -10?
9
Calculate 2 + 1 + (12 - 14).
1
(-3 - -2) + 1 + -1
-1
Calculate 2 + 1 + 8 - (12 + -7).
6
What is the value of -15 - (-3 - (-2 - (-8 + 4)))?
-10
1 + 7 - 2 - 4
2
Evaluate 58 - 63 - (1 + 0 + -2).
-4
Calculate (-2 - -1) + (6 - 16 - -17).
6
What is 0 + -2 + 3 - 5?
-4
What is (3 - (0 + -1)) + (-4 - -1)?
1
Calculate 5 + 2 + -2 + -3 + -4.
-2
Calculate 3 + (-3 - -2) + (-14 - -14).
2
-5 - (15 + -17 + 2)
-5
What is (-10 - (-11 - -12)) + 17?
6
Evaluate (-12 - -4) + 9 - 1.
0
Calculate 37 + -29 + -4 + -1.
3
What is (-2 - (0 + 1)) + (4 - 1)?
0
What is 3 + 1 + (-8 - -2)?
-2
Calculate 3 + (3 - (5 - -1)).
0
Calculate (3 + -2 + 4 - 3) + -5.
-3
4 + (-3 - (-5 - (-10 + 0)))
-4
What is 22 - (0 - (-17 + 4))?
9
Calculate 4 + (-3 - (3 + -4)) + -3.
-1
-1 + (3 - 2 - 5)
-5
Evaluate -1 + -4 - (1 + -13 + 3).
4
What is (-7 - -2 - 2) + 4?
-3
Calculate 7 + (-6 - 0 - (-2 - 1)).
4
-2 - (0 - -1) - -3 - -5
5
What is -1 - -1 - (3 - (-2 + 0))?
-5
Evaluate (-3 - -2) + (4 - 2).
1
Calculate (-13 - -4 - (0 + -2)) + 2.
-5
-227 + 223 + (1 - (1 + -1))
-3
What is 1 + -8 + 5 - -8 - 16?
-10
What is the value of 10 + (0 - 5) + (-1 - 3)?
1
Evaluate -2 - (5 + -8) - (6 + -3).
-2
Evaluate 0 + 1 + (39 - 35).
5
Calculate 7 + -1 + -6 - -6.
6
What is 5 - (-8 + 5 - -9)?
-1
Evaluate -3 - -10 - (0 + -7 + 11).
3
-6 + 4 + 4 + 3
5
What is 0 + -2 + (-6 - -9)?
1
Evaluate 3 + 3 + 2 + -2.
6
What is the value of -3 - (-2 + 2) - -1?
-2
4 + 4 + -2 + -2
4
What is (-21 - -26 - (0 + 10)) + 8?
3
Evaluate 3 + -1 + -4 + -3.
-5
Evaluate -50 + 53 + (2 - -1).
6
What is the value of -3 + (11 + -15 - (0 + -2))?
-5
What is the value of 2 + 0 + (4 - (4 + -1))?
3
What is (0 - -3) + 4 + (4 - 6)?
5
Calculate -2 + -3 - ((11 - 6) + -13).
3
Calculate 6 + (11 + 2 - 27).
-8
What is -2 + (3 + -3 - 2)?
-4
What is 8 - (6 - (4 - 0))?
6
What is the value of 3 + (1 - 4) + 3?
3
What is the value of -11 - -4 - (14 + -21) - -1?
1
Evaluate 4 + (-6 + 0 - -2) + 4.
4
What is the value of 10 + -5 - (5 - 1)?
1
What is -5 - (-6 - -3 - -4)?
-6
-2 + -2 + (6 - -2) + -3
1
What is -6 + (-3 - -3) + -7 + 9?
-4
What is the value of -2 + 6 + (1 - -2)?
7
Evaluate 0 - (3 + -1) - (-1 - -1).
-2
Calculate 2 + 0 + (-5 - 0).
-3
-5 - (1 + 6) - -14
2
What is the value of 4 + -8 - (-9 - -5)?
0
What is 2 + -1 - (-4 - -7)?
-2
What is the value of (-9 - (8 + -20)) + (-6 - 0)?
-3
Evaluate 5 + -1 + -12 + (-18 - -20).
-6
Calculate (-2 - (7 - 0)) + (2 - 0).
-7
Evaluate 2 + 1 - (5 + -7).
5
What is -7 - (2 - -3 - 6)?
-6
Calculate (3 - (-6 - -11)) + 0 + 1.
-1
-2 - ((-3 - -5) + -4)
0
-3 + (-6 + 6 - -6)
3
Evaluate -5 + -13 + 9 + 0.
-9
-2 + -9 + 11 + -6
-6
Evaluate (4 + -7 - -2) + -2.
-3
(-3 - (0 - 4)) + 4
5
-6 - (-9 + 4 + -2 + 1)
0
Calculate (-3 - (2 - (3 - 3))) + 6.
1
Evaluate -3 + -1 + 0 + (0 - -4).
0
What is -1 + -4 + -3 + 4 + 2?
-2
What is the value of 7 + 7 + 2 + -2 - 5?
9
Calculate (2 + (2 - 3) - 4) + 7.
4
Evaluate -12 + -7 + 7 + 5.
-7
What is the value of -13 - (-2 + 0) - (-8 + 3)?
-6
What is 4 + 5 + (-8 - -3)?
4
Calculate -1 - (1 + 0 + 1).
-3
Calculate 16 + -16 - (-3 - -6).
-3
What is 3 + -3 - -4 - 0?
4
Calculate 10 + 8 + (-5 - 7).
6
What is the value of (-5 - -3) + 9 - 5?
2
-3 + (4 - -2) - 3
0
Evaluate 0 + 6 + (-1 - 5).
0
Evaluate -6 + 0 - -5 - -2 - 5.
-4
What is the value of -3 - (-7 + -3 - 1)?
8
Evaluate 5 - 1 - (10 - (-3 - -14)).
5
What is the value of (4 - (12 - 3)) + 3 + 3?
1
Evaluate -1 - 2 - (1 + 1).
-5
What is the value of (4 - (13 - 3)) + 3?
-3
-4 + 1 - (4 - (6 + 0))
-1
3 + -3 + 2 + -4
-2
Calculate -17 - (-2 + 1 + -9).
-7
0 - (0 + 2 + -2)
0
Calculate -8 - (-14 - (-21 + 9)).
-6
-2 - (-2 - 0 - 1)
1
Calculate (1 + -2 + 6 - -2) + -6.
1
What is -1 + -2 + 0 + 1 + -3?
-5
-5 + 3 - 2 - -5
1
What is -2 + (-3 - -2) + 20 + -24?
-7
What is 5 + -4 - (4 + -2 + 6)?
-7
What is the value of -17 + 14 - (-1 + 1)?
-3
1 - (-6 - (-3 + -4))
0
What is the value of -11 + 20 - (16 - -3)?
-10
Evaluate -5 + (-6 + 6 - (0 - -2)).
-7
What is 1 + 4 + 1 + -1 + -5?
0
Calculate -8 + -3 + 3 + 3